{"id":62,"date":"2024-10-02T16:18:05","date_gmt":"2024-10-02T16:18:05","guid":{"rendered":"https:\/\/sirpalukander.fi\/wordpress\/?page_id=62"},"modified":"2024-10-05T06:02:52","modified_gmt":"2024-10-05T06:02:52","slug":"omavalvontasuunnitelma","status":"publish","type":"page","link":"https:\/\/sirpalukander.fi\/wordpress\/?page_id=62","title":{"rendered":"Omavalvontasuunnitelma"},"content":{"rendered":"<div data-colibri-id=\"62-c1\" class=\"style-212 style-local-62-c1 position-relative\">\n  <!---->\n  <div data-colibri-component=\"section\" data-colibri-id=\"62-c2\" id=\"custom\" class=\"h-section h-section-global-spacing d-flex align-items-lg-center align-items-md-center align-items-center style-218 style-local-62-c2 position-relative\">\n    <!---->\n    <!---->\n    <div class=\"h-section-grid-container h-section-boxed-container\">\n      <!---->\n      <div data-colibri-id=\"62-c3\" class=\"h-row-container gutters-row-lg-2 gutters-row-md-2 gutters-row-0 gutters-row-v-lg-2 gutters-row-v-md-2 gutters-row-v-2 style-222 style-local-62-c3 position-relative\">\n        <!---->\n        <div class=\"h-row justify-content-lg-center justify-content-md-center justify-content-center align-items-lg-stretch align-items-md-stretch align-items-stretch gutters-col-lg-2 gutters-col-md-2 gutters-col-0 gutters-col-v-lg-2 gutters-col-v-md-2 gutters-col-v-2\">\n          <!---->\n          <div class=\"h-column h-column-container d-flex h-col-lg-auto h-col-md-auto h-col-auto style-223-outer style-local-62-c4-outer\">\n            <div data-colibri-id=\"62-c4\" class=\"d-flex h-flex-basis h-column__inner h-px-lg-2 h-px-md-2 h-px-2 v-inner-lg-2 v-inner-md-2 v-inner-2 style-223 style-local-62-c4 position-relative\">\n              <!---->\n              <!---->\n              <div class=\"w-100 h-y-container h-column__content h-column__v-align flex-basis-100 align-self-lg-start align-self-md-start align-self-start\">\n                <!---->\n                <div data-colibri-id=\"62-c5\" class=\"h-text h-text-component style-221 style-local-62-c5 position-relative h-element\">\n                  <!---->\n                  <!---->\n                  <div class=\"\">\n                    <p><strong>Fysioterapiakotik\u00e4ynnit Ky Sirpa Lukander<\/strong><\/p>\n                    <p><strong>OMAVALVONTASUUNNITELMA<\/strong>&nbsp;<\/p>\n                    <p>P\u00e4ivitetty 30.9.2024<\/p>\n                    <p>\n                      <br>\n                    <\/p>\n                    <p><strong>Palveluntuottajan yhteystiedot<\/strong><\/p>\n                    <p>Fysioterapiakotik\u00e4ynnit Ky Sirpa Lukander Y-tunnus 2658698-6<\/p>\n                    <p>Koskikuja 1<\/p>\n                    <p>45100 Kouvola<\/p>\n                    <p>P. 0500- 78 79 78<\/p>\n                    <p>sirpa.lukander@kolumbus.fi<\/p>\n                    <p>\n                      <br>\n                    <\/p>\n                    <p><strong>Toiminnasta vastaava vastuuhenkil\u00f6<\/strong><\/p>\n                    <p>Fysioterapeutti Sirpa Lukander<\/p>\n                    <p>Rekister\u00f6intitunnus 6000131615<\/p>\n                    <p>\n                      <br>\n                    <\/p>\n                    <p><strong>Vakuutukset<\/strong><\/p>\n                    <p>Yrityksen potilas, oikeusturva ja vastuuvakuutus ovat Suomen Fysioterapeuttiliiton kautta. Yrityksen el\u00e4kevakuutus on Elossa. <\/p>\n                    <p>\n                      <br>\n                    <\/p>\n                    <p><strong>Toimiala<\/strong><\/p>\n                    <p>Fysioterapiakotik\u00e4ynnit Kouvolan alueella.<\/p>\n                    <p>\n                      <br>\n                    <\/p>\n                    <p><strong>Palvelut<\/strong><\/p>\n                    <p>Neurologinen fysioterapia; erityisperehtyneisyys (my\u00f6s kouluttajana toimiminen) Als-potilaan fysioterapiaan sis\u00e4lt\u00e4en mm. hengitystukilaitteen, imulaitteen, yskityskoneen, hengityspalkeen ja acapellan k\u00e4yt\u00f6n hallinnan. Etenevist\u00e4 neurologisista\n                      sairauksista mm. Ms-tauti, Parkinson ym. Aivoverenkierron aiheuttamien sairauksien fysioterapia Bobath-konseptin mukaisesti.<\/p>\n                    <p>Hengityshalvauspotilaan fysioterapia. K\u00e4sitt\u00e4en mm. paljetuksen hallinnan liman irrotus tekniikkana. Liikuntakyvytt\u00f6m\u00e4n henkil\u00f6n avustaminen siirroissa ja asentohoidossa. Hoitohenkil\u00f6kunnan opetus\/neuvonta.<\/p>\n                    <p>Liikenneonnettomuuksien j\u00e4lkitilojen fysioterapia, esim. selk\u00e4ydinvammat.<\/p>\n                    <p>Heikentyneen toimintakyvyn aiheuttamien liikkumisongelmien fysioterapia ik\u00e4\u00e4ntyneille ja kehitysvammaisille.<\/p>\n                    <p>\n                      <br>\n                    <\/p>\n                    <p><strong>Toiminta-ajatus, arvot ja toimintaperiaatteet<\/strong>\n                      <br>\n                    <\/p>\n                    <p>Tavoitteena on kuntoutujan toimintakyvyn parantuminen ja fysioterapian toiminnan tuloksien n\u00e4kyminen kuntoutujan arjessa. Toimintakyvyn arviointi ja edist\u00e4minen pohjautuu biopsykososiaaliseen ICF-malliin.<\/p>\n                    <p>Toiminta-ajatuksena on tuottaa laadukkaita, yksil\u00f6llisi\u00e4 ja monipuolisia fysioterapiapalveluita kotik\u00e4yntein\u00e4 Kouvolan alueella. Yrityksell\u00e4 ei ole toimitiloja.<\/p>\n                    <p>Yritys palvelee aikuisasiakkaita (yli 18 v.) Lis\u00e4kouluttautuminen aikuisneurologiaan (Bobath- konsepti). Yritys on tuottanut my\u00f6s koulutuspalveluja fysioterapeuteille ja hoitajille.<\/p>\n                    <p>T\u00e4rkeint\u00e4 on asiakkaan el\u00e4m\u00e4nlaadun kohentuminen, kipujen lievittyminen ja toimintakyvyn paraneminen, joka mahdollistaa kotona selviytymisen. Avustajien ja omaisten ohjaus asiakkaan liikuttelussa ja apuv\u00e4lineiden oikea-aikainen hankinta\n                      ja kompensoivien liikemallien l\u00f6ytyminen avainasemassa.<\/p>\n                    <p>\n                      <br>\n                    <\/p>\n                    <p><strong>Omavalvonnan organisointi, johtaminen ja vastuuhenkil\u00f6t<\/strong><\/p>\n                    <p>Omavalvonnasta vastaa Sirpa Lukander<\/p>\n                    <p>\n                      <br>\n                    <\/p>\n                    <p><strong>Asiakkaan ja omaisen osallistuminen sek\u00e4 asiakaspalaute<\/strong><\/p>\n                    <p>Fysioterapia suunnitellaan asiakkaan ja usein my\u00f6s omaisen kanssa yhdess\u00e4. Keskustellaan fysioterapian tavoitteista ja etenemisest\u00e4. Etenevien neurologisten sairauksien kohdalla on useita henkil\u00f6it\u00e4, jotka tarvitsevat ohjausta ja neuvontaa\n                      moniin eri tilanteisiin liittyen.<\/p>\n                    <p>Palautetta voi antaa joko suoraan suullisesti, kirjallisella lomakkeella tai nettisivujen kautta.<\/p>\n                    <p>\n                      <br>\n                    <\/p>\n                    <p><strong>Riskien tunnistaminen, ehk\u00e4isy ja asiakasturvallisuus<\/strong><\/p>\n                    <p>Asiakkaan sairaudet selvitet\u00e4\u00e4n tarkkaan mahdollisien riskien tunnistamiseksi. Osoite on oltava tiedossa. L\u00e4\u00e4kitykset esim. syd\u00e4noireiden ilmennetty\u00e4 on tiedett\u00e4v\u00e4, samoin toimenpiteet esim. epilepsiakohtauksen aikana ja sen j\u00e4lkeen.\n                      Terapeutilla oma puhelin aina mukana kotik\u00e4ynnill\u00e4 ja siin\u00e4 112 sovellus. Mahdollisen tulipalon vuoksi poistumistiet ym. on oltava tiedossa. L\u00e4hiomaisen puhelin on hyv\u00e4 olla tallennettuna terapeutin puhelimeen.<\/p>\n                    <p>Mik\u00e4li asiakkaalla on DNR-p\u00e4\u00e4t\u00f6s, sen on hyv\u00e4 olla n\u00e4kyvill\u00e4 asunnossa ja kaikkien tiedossa.<\/p>\n                    <p>Em asioista on hyv\u00e4 keskustella asiakkaan ja omaisen kanssa, jotta tiedet\u00e4\u00e4n miten mahdollisissa riskitilanteissa toimitaan.<\/p>\n                    <p>\n                      <br>\n                    <\/p>\n                    <p><strong>Palvelun sis\u00e4ll\u00f6n omavalvonta<\/strong><\/p>\n                    <p>Asiakkaan asema, oikeudet ja oikeusturva<\/p>\n                    <p>Oikeudet perustuvat lakiin potilaan asemasta ja oikeuksista. Fysioterapia on asiakasl\u00e4ht\u00f6ist\u00e4 ja toteutetaan asetettujen tavoitteiden\/toiveiden mukaisesti. Kaikkia asiakkaita kohdellaan tasa-arvoisesti ja terapiassa pyrit\u00e4\u00e4n mahdollisimman\n                      hyv\u00e4\u00e4n lopputulokseen. Asiakkaalla on oikeus p\u00e4\u00e4tt\u00e4\u00e4 terapian k\u00e4yntikertojen tiheydest\u00e4 ja hoitosuhteen kestosta.<\/p>\n                    <p>Ongelmatilanteet pyrit\u00e4\u00e4n ensisijaisesti ratkaisemaan asiakkaan ja terapeutin kesken. Asiakkaalla on mahdollisuus olla yhteydess\u00e4 yksityisten terveyspalveluyritysten potilasasiavastaavaan. Asiointi on asiakkaalle maksutonta.<\/p>\n                    <p>\n                      <br>\n                    <\/p>\n                    <p>Marjaana Julin<\/p>\n                    <p>Potilasasiavastaava<\/p>\n                    <p>Kymenlaakson keskussairaala<\/p>\n                    <p>Kotkantie 41<\/p>\n                    <p>48210 Kotka<\/p>\n                    <p>puh. 044 223 1434<\/p>\n                    <p>marjaana.julin@socom.fi<\/p>\n                    <p>\n                      <br>\n                    <\/p>\n                    <p><strong>Asiakastietojen k\u00e4sittely<\/strong><\/p>\n                    <p>Yritys k\u00e4sittelee henkil\u00f6tietoja luottamuksellisesti ja noudattaa salassapitovelvollisuutta. K\u00e4yt\u00f6ss\u00e4 on korkeat kriteerit t\u00e4ytt\u00e4v\u00e4 Diarium-potilastietoj\u00e4rjestelm\u00e4.<\/p>\n                    <p>Yritys on laatinut kirjallisesti on selosteen henkil\u00f6tietojen k\u00e4sittelij\u00e4n k\u00e4sittelytoimista sek\u00e4 tietojen k\u00e4sittelyn riskien arvioinnista (tietoturvasuunnitelma). Asiakkaan on mahdollista pyyt\u00e4\u00e4 em selosteet n\u00e4ht\u00e4v\u00e4ksi.<\/p>\n                    <p>Kts erillinen tietosuojaseloste<\/p>\n                    <p>Asiakastietoja ei luovuteta ilman lupaa toiselle taholle. Asiakkaalla on oikeus halutessaan tarkastella omia tietojaan.<\/p>\n                    <p>\n                      <br>\n                    <\/p>\n                    <p><strong>Omavalvontasuunnitelman p\u00e4ivitt\u00e4minen<\/strong><\/p>\n                    <p>Omavalvontasuunnitelmasta ja sen p\u00e4ivitt\u00e4misest\u00e4 vastaa Sirpa Lukander.<\/p>\n                    <p>P\u00e4ivitt\u00e4minen suoritetaan vuosittain tai tarvittaessa useammin.<\/p>\n                    <p>30.9.2024 Fysioterapeutti Sirpa Lukander<\/p>\n                  <\/div>\n                <\/div>\n              <\/div>\n            <\/div>\n          <\/div>\n        <\/div>\n      <\/div>\n    <\/div>\n  <\/div>\n  <div data-colibri-component=\"section\" data-colibri-id=\"62-c6\" id=\"custom-2\" class=\"h-section h-section-global-spacing d-flex align-items-lg-center align-items-md-center align-items-center style-237 style-local-62-c6 position-relative\">\n    <!---->\n    <!---->\n    <div class=\"h-section-grid-container h-section-boxed-container\">\n      <!---->\n      <div data-colibri-id=\"62-c7\" class=\"h-row-container gutters-row-lg-2 gutters-row-md-2 gutters-row-0 gutters-row-v-lg-2 gutters-row-v-md-2 gutters-row-v-2 style-238 style-local-62-c7 position-relative\">\n        <!---->\n        <div class=\"h-row justify-content-lg-center justify-content-md-center justify-content-center align-items-lg-stretch align-items-md-stretch align-items-stretch gutters-col-lg-2 gutters-col-md-2 gutters-col-0 gutters-col-v-lg-2 gutters-col-v-md-2 gutters-col-v-2\">\n          <!---->\n          <div class=\"h-column h-column-container d-flex h-col-lg-auto h-col-md-auto h-col-auto style-239-outer style-local-62-c8-outer\">\n            <div data-colibri-id=\"62-c8\" class=\"d-flex h-flex-basis h-column__inner h-px-lg-2 h-px-md-2 h-px-2 v-inner-lg-2 v-inner-md-2 v-inner-2 style-239 style-local-62-c8 position-relative\">\n              <!---->\n              <!---->\n              <div class=\"w-100 h-y-container h-column__content h-column__v-align flex-basis-100 align-self-lg-start align-self-md-start align-self-start\">\n                <!---->\n                <div data-colibri-id=\"62-c9\" class=\"h-x-container style-240 style-local-62-c9 position-relative h-element\">\n                  <!---->\n                  <div class=\"h-x-container-inner style-dynamic-62-c9-group style-240-spacing style-local-62-c9-spacing\"><span class=\"h-link__outer style-241-outer style-local-62-c10-outer d-inline-flex h-element\"><a h-use-smooth-scroll=\"true\" href=\"https:\/\/sirpalukander.fi\/wordpress\/wp-content\/uploads\/2024\/10\/Omavalvontasuunnitelma-3.pdf\"  data-colibri-id=\"62-c10\" class=\"d-flex w-100 align-items-center h-link style-241 style-local-62-c10 position-relative\"><!----><!----> <span>Lataa omavalvontasuunnitelma<\/span><\/a>\n                    <\/span>\n                  <\/div>\n                <\/div>\n              <\/div>\n            <\/div>\n          <\/div>\n        <\/div>\n      <\/div>\n    <\/div>\n  <\/div>\n<\/div>","protected":false},"excerpt":{"rendered":"<p>Fysioterapiakotik\u00e4ynnit Ky Sirpa Lukander OMAVALVONTASUUNNITELMA&nbsp; P\u00e4ivitetty 30.9.2024 Palveluntuottajan yhteystiedot Fysioterapiakotik\u00e4ynnit Ky Sirpa Lukander Y-tunnus 2658698-6 Koskikuja 1 45100 Kouvola P. 0500- 78 79 78 sirpa.lukander@kolumbus.fi Toiminnasta vastaava vastuuhenkil\u00f6 Fysioterapeutti Sirpa Lukander Rekister\u00f6intitunnus 6000131615 Vakuutukset Yrityksen potilas, oikeusturva ja vastuuvakuutus ovat Suomen Fysioterapeuttiliiton kautta. Yrityksen el\u00e4kevakuutus on Elossa. Toimiala Fysioterapiakotik\u00e4ynnit Kouvolan alueella. Palvelut Neurologinen fysioterapia; erityisperehtyneisyys [&hellip;]<\/p>\n","protected":false},"author":1,"featured_media":0,"parent":0,"menu_order":0,"comment_status":"closed","ping_status":"closed","template":"page-templates\/full-width-page.php","meta":{"footnotes":""},"class_list":["post-62","page","type-page","status-publish","hentry"],"_links":{"self":[{"href":"https:\/\/sirpalukander.fi\/wordpress\/index.php?rest_route=\/wp\/v2\/pages\/62"}],"collection":[{"href":"https:\/\/sirpalukander.fi\/wordpress\/index.php?rest_route=\/wp\/v2\/pages"}],"about":[{"href":"https:\/\/sirpalukander.fi\/wordpress\/index.php?rest_route=\/wp\/v2\/types\/page"}],"author":[{"embeddable":true,"href":"https:\/\/sirpalukander.fi\/wordpress\/index.php?rest_route=\/wp\/v2\/users\/1"}],"replies":[{"embeddable":true,"href":"https:\/\/sirpalukander.fi\/wordpress\/index.php?rest_route=%2Fwp%2Fv2%2Fcomments&post=62"}],"version-history":[{"count":8,"href":"https:\/\/sirpalukander.fi\/wordpress\/index.php?rest_route=\/wp\/v2\/pages\/62\/revisions"}],"predecessor-version":[{"id":305,"href":"https:\/\/sirpalukander.fi\/wordpress\/index.php?rest_route=\/wp\/v2\/pages\/62\/revisions\/305"}],"wp:attachment":[{"href":"https:\/\/sirpalukander.fi\/wordpress\/index.php?rest_route=%2Fwp%2Fv2%2Fmedia&parent=62"}],"curies":[{"name":"wp","href":"https:\/\/api.w.org\/{rel}","templated":true}]}}