{"id":9,"date":"2016-09-06T19:09:16","date_gmt":"2016-09-06T19:09:16","guid":{"rendered":"http:\/\/sirpalukander.fi\/wordpresswordpress\/?page_id=9"},"modified":"2024-10-03T16:38:41","modified_gmt":"2024-10-03T16:38:41","slug":"etusivu","status":"publish","type":"page","link":"https:\/\/sirpalukander.fi\/wordpress\/","title":{"rendered":"Etusivu"},"content":{"rendered":"<div data-colibri-id=\"9-c1\" class=\"style-195 style-local-9-c1 position-relative\">\n  <!---->\n  <div data-colibri-component=\"section\" data-colibri-id=\"9-c2\" id=\"initial-content\" class=\"h-section h-section-global-spacing d-flex align-items-lg-center align-items-md-center align-items-center style-196 style-local-9-c2 position-relative\">\n    <!---->\n    <!---->\n    <div class=\"h-section-grid-container h-section-boxed-container\">\n      <!---->\n      <div data-colibri-id=\"9-c3\" class=\"h-row-container gutters-row-lg-2 gutters-row-md-2 gutters-row-0 gutters-row-v-lg-2 gutters-row-v-md-2 gutters-row-v-2 style-197 style-local-9-c3 position-relative\">\n        <!---->\n        <div class=\"h-row justify-content-lg-center justify-content-md-center justify-content-center align-items-lg-stretch align-items-md-stretch align-items-stretch gutters-col-lg-2 gutters-col-md-2 gutters-col-0 gutters-col-v-lg-2 gutters-col-v-md-2 gutters-col-v-2\">\n          <!---->\n          <div class=\"h-column h-column-container d-flex h-col-lg-auto h-col-md-auto h-col-auto style-198-outer style-local-9-c4-outer\">\n            <div data-colibri-id=\"9-c4\" class=\"d-flex h-flex-basis h-column__inner h-px-lg-2 h-px-md-2 h-px-2 v-inner-lg-2 v-inner-md-2 v-inner-2 style-198 style-local-9-c4 position-relative\">\n              <!---->\n              <!---->\n              <div class=\"w-100 h-y-container h-column__content h-column__v-align flex-basis-100 align-self-lg-start align-self-md-start align-self-start\">\n                <!---->\n                <div data-colibri-id=\"9-c5\" class=\"style-199 style-local-9-c5 position-relative h-element\">\n                  <!---->\n                  <div>Kuntoutujan yksil\u00f6lliset tarpeet huomioivaa laadukasta fysioterapiaa KOTIK\u00c4YNTEIN\u00c4 Kouvolan alueella. Tavoitteena on asiakkaan kotona asumisen mahdollistuminen, el\u00e4m\u00e4nlaadun kohentuminen, omien voimavarojen l\u00f6ytyminen sek\u00e4 omatoimisuuden\n                    lis\u00e4\u00e4ntyminen. Yrityksess\u00e4 ty\u00f6skentelee sen perustaja Fysioterapeutti Sirpa Lukander, jolla on pitk\u00e4 ty\u00f6kokemus kotona tapahtuvasta fysioterapiasta.<\/div>\n                <\/div>\n              <\/div>\n            <\/div>\n          <\/div>\n        <\/div>\n      <\/div>\n    <\/div>\n  <\/div>\n  <div data-colibri-component=\"section\" data-colibri-id=\"9-c6\" id=\"custom\" class=\"h-section h-section-global-spacing d-flex align-items-lg-center align-items-md-center align-items-center style-200 style-local-9-c6 position-relative\">\n    <!---->\n    <!---->\n    <div class=\"h-section-grid-container h-section-boxed-container\">\n      <!---->\n      <div data-colibri-id=\"9-c7\" class=\"h-row-container gutters-row-lg-2 gutters-row-md-2 gutters-row-0 gutters-row-v-lg-2 gutters-row-v-md-2 gutters-row-v-2 style-201 style-local-9-c7 position-relative\">\n        <!---->\n        <div class=\"h-row justify-content-lg-center justify-content-md-center justify-content-center align-items-lg-stretch align-items-md-stretch align-items-stretch gutters-col-lg-2 gutters-col-md-2 gutters-col-0 gutters-col-v-lg-2 gutters-col-v-md-2 gutters-col-v-2\">\n          <!---->\n          <div class=\"h-column h-column-container d-flex h-col-lg-auto h-col-md-auto h-col-auto style-202-outer style-local-9-c8-outer\">\n            <div data-colibri-id=\"9-c8\" class=\"d-flex h-flex-basis h-column__inner h-px-lg-2 h-px-md-2 h-px-2 v-inner-lg-2 v-inner-md-2 v-inner-2 style-202 style-local-9-c8 position-relative\">\n              <!---->\n              <!---->\n              <div class=\"w-100 h-y-container h-column__content h-column__v-align flex-basis-100 align-self-lg-start align-self-md-start align-self-start\">\n                <!---->\n                <div data-colibri-id=\"9-c9\" class=\"h-text h-text-component style-205 style-local-9-c9 position-relative h-element\">\n                  <!---->\n                  <!---->\n                  <div class=\"\">\n                    <p>Fysioterapiakotik\u00e4ynnit Ky Sirpa Lukander<\/p>\n                    <p>Y-tunnus 2658698-6<\/p>\n                    <p>Koskikuja 1<\/p>\n                    <p>45100 Kouvola<\/p>\n                    <p>Puhelin 0500-78 79 78<\/p>\n                    <p>Email sirpa.lukander[at]kolumbus.fi<\/p>\n                    <p>\n                      <br>\n                    <\/p>\n                  <\/div>\n                <\/div>\n              <\/div>\n            <\/div>\n          <\/div>\n          <div class=\"h-column h-column-container d-flex h-col-lg-auto h-col-md-auto h-col-auto style-203-outer style-local-9-c10-outer\">\n            <div data-colibri-id=\"9-c10\" class=\"d-flex h-flex-basis h-column__inner h-px-lg-2 h-px-md-2 h-px-2 v-inner-lg-2 v-inner-md-2 v-inner-2 style-203 style-local-9-c10 position-relative\">\n              <!---->\n              <!---->\n              <div class=\"w-100 h-y-container h-column__content h-column__v-align flex-basis-100 align-self-lg-start align-self-md-start align-self-start\">\n                <!---->\n                <div data-colibri-id=\"9-c11\" class=\"d-block style-204 style-local-9-c11 position-relative h-element\">\n                  <!---->\n                  <div class=\"h-image__frame-container-outer\">\n                    <div class=\"h-image__frame-container\">\n                      <!---->\n                      <!---->\n                      <img loading=\"lazy\" decoding=\"async\" width=\"749\" height=\"749\" src=\"https:\/\/sirpalukander.fi\/wordpress\/wp-content\/uploads\/2016\/09\/cropped-IMG_5320.jpg\" class=\"wp-image-222 style-204-image style-local-9-c11-image\" alt=\"\" srcset=\"https:\/\/sirpalukander.fi\/wordpress\/wp-content\/uploads\/2016\/09\/cropped-IMG_5320.jpg 749w, https:\/\/sirpalukander.fi\/wordpress\/wp-content\/uploads\/2016\/09\/cropped-IMG_5320-300x300.jpg 300w, https:\/\/sirpalukander.fi\/wordpress\/wp-content\/uploads\/2016\/09\/cropped-IMG_5320-150x150.jpg 150w\" sizes=\"(max-width: 749px) 100vw, 749px\" \/>\n                      <div class=\"h-image__frame h-hide-lg h-hide-md h-hide-sm style-204-frameImage style-local-9-c11-frameImage\"><\/div>\n                    <\/div>\n                  <\/div>\n                <\/div>\n              <\/div>\n            <\/div>\n          <\/div>\n        <\/div>\n      <\/div>\n    <\/div>\n  <\/div>\n  <div data-colibri-component=\"section\" data-colibri-id=\"9-c12\" id=\"custom-2\" class=\"h-section h-section-global-spacing d-flex align-items-lg-center align-items-md-center align-items-center style-206 style-local-9-c12 position-relative\">\n    <!---->\n    <!---->\n    <div class=\"h-section-grid-container h-section-boxed-container\">\n      <!---->\n      <div data-colibri-id=\"9-c16\" class=\"h-row-container gutters-row-lg-2 gutters-row-md-2 gutters-row-0 gutters-row-v-lg-2 gutters-row-v-md-2 gutters-row-v-2 style-210 style-local-9-c16 position-relative\">\n        <!---->\n        <div class=\"h-row justify-content-lg-center justify-content-md-center justify-content-center align-items-lg-stretch align-items-md-stretch align-items-stretch gutters-col-lg-2 gutters-col-md-2 gutters-col-0 gutters-col-v-lg-2 gutters-col-v-md-2 gutters-col-v-2\">\n          <!---->\n          <div class=\"h-column h-column-container d-flex h-col-lg-auto h-col-md-auto h-col-auto style-211-outer style-local-9-c17-outer\">\n            <div data-colibri-id=\"9-c17\" class=\"d-flex h-flex-basis h-column__inner h-px-lg-2 h-px-md-2 h-px-2 v-inner-lg-2 v-inner-md-2 v-inner-2 style-211 style-local-9-c17 position-relative\">\n              <!---->\n              <!---->\n              <div class=\"w-100 h-y-container h-column__content h-column__v-align flex-basis-100 align-self-lg-start align-self-md-start align-self-start\">\n                <!---->\n                <div data-colibri-id=\"9-c18\" class=\"h-text h-text-component style-209 style-local-9-c18 position-relative h-element\">\n                  <!---->\n                  <!---->\n                  <div class=\"\">\n                    <p><span style=\"font-weight: 400; font-size: 16px; font-family: &quot;Nunito Sans&quot;; color: rgb(28, 28, 36);\">Voit antaa meille palautetta antamastamme fysioterapiasta osoitteeseen sirpa.lukander[at]kolumbus.fi&nbsp;(korvaa [at] @-merkill\u00e4).<\/span><\/p>\n                  <\/div>\n                <\/div>\n              <\/div>\n            <\/div>\n          <\/div>\n        <\/div>\n      <\/div>\n    <\/div>\n  <\/div>\n<\/div>","protected":false},"excerpt":{"rendered":"<p>Kuntoutujan yksil\u00f6lliset tarpeet huomioivaa laadukasta fysioterapiaa KOTIK\u00c4YNTEIN\u00c4 Kouvolan alueella. Tavoitteena on asiakkaan kotona asumisen mahdollistuminen, el\u00e4m\u00e4nlaadun kohentuminen, omien voimavarojen l\u00f6ytyminen sek\u00e4 omatoimisuuden lis\u00e4\u00e4ntyminen. Yrityksess\u00e4 ty\u00f6skentelee sen perustaja Fysioterapeutti Sirpa Lukander, jolla on pitk\u00e4 ty\u00f6kokemus kotona tapahtuvasta fysioterapiasta. Fysioterapiakotik\u00e4ynnit Ky Sirpa Lukander Y-tunnus 2658698-6 Koskikuja 1 45100 Kouvola Puhelin 0500-78 79 78 Email sirpa.lukander[at]kolumbus.fi Voit antaa [&hellip;]<\/p>\n","protected":false},"author":1,"featured_media":0,"parent":0,"menu_order":0,"comment_status":"closed","ping_status":"closed","template":"page-templates\/full-width-page.php","meta":{"footnotes":""},"class_list":["post-9","page","type-page","status-publish","hentry"],"_links":{"self":[{"href":"https:\/\/sirpalukander.fi\/wordpress\/index.php?rest_route=\/wp\/v2\/pages\/9"}],"collection":[{"href":"https:\/\/sirpalukander.fi\/wordpress\/index.php?rest_route=\/wp\/v2\/pages"}],"about":[{"href":"https:\/\/sirpalukander.fi\/wordpress\/index.php?rest_route=\/wp\/v2\/types\/page"}],"author":[{"embeddable":true,"href":"https:\/\/sirpalukander.fi\/wordpress\/index.php?rest_route=\/wp\/v2\/users\/1"}],"replies":[{"embeddable":true,"href":"https:\/\/sirpalukander.fi\/wordpress\/index.php?rest_route=%2Fwp%2Fv2%2Fcomments&post=9"}],"version-history":[{"count":6,"href":"https:\/\/sirpalukander.fi\/wordpress\/index.php?rest_route=\/wp\/v2\/pages\/9\/revisions"}],"predecessor-version":[{"id":240,"href":"https:\/\/sirpalukander.fi\/wordpress\/index.php?rest_route=\/wp\/v2\/pages\/9\/revisions\/240"}],"wp:attachment":[{"href":"https:\/\/sirpalukander.fi\/wordpress\/index.php?rest_route=%2Fwp%2Fv2%2Fmedia&parent=9"}],"curies":[{"name":"wp","href":"https:\/\/api.w.org\/{rel}","templated":true}]}}